 is divided by (-36)/7*12103/(-5187)?
11
Let f(a) = -a**2 + 21*a + 291. Calculate the remainder when 56 is divided by f(-9).
14
Let s = -853 - -1006. What is the remainder when s is divided by (4/(-6)*1)/((-4)/234)?
36
Suppose -u - u = -860. Calculate the remainder when u is divided by -15*4/(-18) + 2201/93.
25
Let a(b) = b**3 - 28*b**2 + 27*b - 17. Let q be a(27). Calculate the remainder when 286 is divided by q*(231/(-273) + 2/(-13)).
14
Suppose 20*q - 3264 = -44*q. Calculate the remainder when 145 is divided by q.
43
Let o(u) = -u**3 - 5*u**2 - 5*u + 4. Suppose 21 = 2*y + 11. Suppose 4*n - 122 = -2*a, 0*a = y*n + 5*a - 160. Calculate the remainder when n is divided by o(-4).
5
Suppose -4*g = -5*z - 116, 4*z + 58 = -2*g - 14. What is the remainder when (1725/z*-1)/(2/8) is divided by 29?
26
Suppose -1269 + 1335 = 11*x. What is the remainder when 213 is divided by x?
3
Let j = 6136 - 6126. Let v(w) = 3*w**2 - 3*w - 4. Calculate the remainder when v(-3) is divided by j.
2
Suppose -9*l - 2512 + 6526 = 0. What is the remainder when l is divided by 29?
11
Let b(d) = 1 - d**3 - 2*d**2 - 4*d**2 - 12*d + 2*d**2 + 1. Suppose -o + 12 = -10. Calculate the remainder when b(-5) is divided by o.
21
Let d(z) = z**2 - 17*z - 4. Suppose 59 = 3*g + 4*u - 138, -5*g = 3*u - 332. What is the remainder when g is divided by d(18)?
11
Let j(v) = 13*v - 638. Let w be j(50). Let u(h) = -h**2 + 6*h - 4. Let l be u(6). Calculate the remainder when 31 is divided by ((-57)/w - -3)*l.
3
Suppose 0 = -12*j + 11*j - 3*p + 329, p = 4*j - 1329. Calculate the remainder when j is divided by 24.
20
Suppose 6 = -w - 4. What is the remainder when (-7 - w) + 32/2 is divided by (10/2 - -2) + 28/7?
8
Let t = -3424 - -3606. Calculate the remainder when 247 is divided by t.
65
Calculate the remainder when (-14)/56*-226*14 is divided by 3.
2
Let i(a) = 12*a**2 - 6*a + 8. Let v be i(3). Calculate the remainder when (4/(-26) - (-28)/13) + v is divided by 26.
22
Let t = 95 + -31. Calculate the remainder when t is divided by (-33)/440*8 - ((-1224)/40 - 7).
27
Let v(b) = 19*b**3 + 2*b**2 - 3*b + 7. Let k be v(2). Let s = 229 - k. Calculate the remainder when s is divided by 40.
28
Let s = 784 + -776. Suppose 0 = 3*c + f - 730, 3*f - 738 = -s*c + 5*c. What is the remainder when c is divided by 65?
47
Let n = 58 + -56. Suppose 0 = -n*x + 52 - 12. What is the remainder when 139 is divided by x?
19
Let o be ((-28)/8)/((-1)/2). Let s = o + 61. Let r = s - 59. Calculate the remainder when r is divided by 2.
1
Let h be (-21)/(-9) - 1/3. Suppose -3*a = -15, 2*t - 3*a - 61 = -h*a. Calculate the remainder when 164 is divided by t.
32
Suppose -5757 = -5*i + 4*s, -i - 61*s = -62*s - 1152. Calculate the remainder when i is divided by 16.
13
Suppose 21790 - 19640 = 10*w. What is the remainder when w is divided by 196?
19
Let y be (1 + 0)*(-202 - -9). Let m = 202 + y. What is the remainder when 21 is divided by m?
3
Let s(o) = o + 45*o**2 - 22 + 23 + 30*o**2. What is the remainder when s(1) is divided by 21?
14
Let p = 5 + 14. Suppose 4*d - b - 50 = 0, -48*d - 52 = -50*d + 5*b. What is the remainder when p is divided by d?
8
Let s(p) = p + 1. Suppose 1 = a + 2*r, r = 2*a - 2*r - 9. Calculate the remainder when s(1) is divided by 3/9 + a + (-63)/27.
0
Calculate the remainder when 992 is divided by (1815/(-55))/11*(526/3)/(-2).
203
Suppose 5*c = -4*r + 1431 + 324, -c = 1. What is the remainder when r is divided by (616/(-264))/(1/(-9))?
20
Let u(s) = 5*s**2 - 11*s + 21. Let r(z) = z**3 + 17*z**2 + 6. Let v be r(-17). Let o be u(v). What is the remainder when 4560/o - 2/(-9) is divided by 12?
10
Suppose 2*b - 14*c - 1 = -9*c, -6*b + 57 = 3*c. What is the remainder when 2479 is divided by b?
7
Let d(y) = -81 + 36*y - 133 - 8*y + 3*y - y**2. Calculate the remainder when 557 is divided by d(18).
17
Suppose -1219*b = -2875 - 6877. Suppose 2*c = 4*d + 22, -4*c + 5*d + 63 = 4. What is the remainder when c is divided by b?
5
What is the remainder when 3*(0 - 1262/(-3)) is divided by 79?
77
Let c(z) = 2*z**3 + 13*z**2 + 12*z - 9. Let m = 22 + -27. What is the remainder when 27 is divided by c(m)?
3
Let h = -29219 - -29746. Calculate the remainder when h is divided by 455.
72
Let s(r) = -10*r**3 - 3*r**2 + 89*r + 90. Calculate the remainder when 382 is divided by s(-1).
6
Let r = 2422 + -2295. Calculate the remainder when 209 is divided by r.
82
Suppose 4*x + 128 = 3*f, -5*f + 48 + 152 = -4*x. Calculate the remainder when 318 is divided by f.
30
Let w be (-1 - -3)/((-4)/(-4)). Suppose t - w*t = -34. Let g = 3600 - 3534. Calculate the remainder when g is divided by t.
32
Suppose -4*r + 525 = -5*k, -5*k + 0*k = 2*r - 255. What is the remainder when r is divided by 39 - (164/28 - (-54)/(-63))?
28
Calculate the remainder when 33 - (0 - (3 - 1)) is divided by (-60 + 0)/(-2)*(-32)/(-80).
11
Let y(o) = o + 15. Let s(z) = 17*z - 112. Let i be s(6). What is the remainder when 89 is divided by y(i)?
4
Let f be 2/5 + (-29)/((-290)/936). Let v = f - 91. What is the remainder when 3 is divided by v?
0
Suppose 4*b + 5*m = 2310, -282 = -4*b + 4*m + 1974. What is the remainder when 2869 is divided by b?
19
Suppose -2457 = -29*f + 2*f. Let o = -76 + f. Calculate the remainder when 0 - (0 + -27 - 0) is divided by o.
12
Let m be (-2 - 102/(-48)) + 2019/(-24). Let u = 103 + m. What is the remainder when 90 is divided by u?
14
Let c = -50 - -53. Suppose 0 = -4*k + a + 145, 2*k - c*a + 25 = 100. Calculate the remainder when k*((-26)/39 - 41/(-12)) is divided by 20.
19
Suppose 0 = -49*v + 47*v - 3*z + 72, 2*v - z = 96. What is the remainder when 4317 is divided by v?
42
Suppose 746 = r - 5*m + 301, -2199 = -5*r - m. Suppose 67*w + r = 71*w. Calculate the remainder when w is divided by 40.
30
Let x = -2 - -30. Calculate the remainder when 1/(-5) + (-3)/2*(-79296)/720 is divided by x.
25
Let h(z) = -z**3 - 7*z**2 + 12*z + 27. What is the remainder when (-260)/(-5)*(-3 + 12/2) is divided by h(-9)?
75
Suppose 0 = -76*x + 12486 + 2790. Calculate the remainder when 951 is divided by x.
147
Suppose -5*w = 4*m - 1727, 0 = 4*w + 78*m - 74*m - 1380. Calculate the remainder when 348 is divided by w.
1
Suppose 116*r + 251*r - 39636 = 0. Calculate the remainder when 7018 is divided by r.
106
Suppose 0*d + 373 = 5*d + 3*c, -d + 75 = c. Suppose -427 = 71*u - 1847. Calculate the remainder when d is divided by u.
14
Let j(f) = -8*f**2 + 31*f + 4. Let x be j(4). Suppose 0 = -s + 3*g + 110, x*s = s - 2*g - 106. What is the remainder when s is divided by 28?
14
Let x(g) = 35*g**2 - 1. Let s be x(2). Suppose 5*h = 3*h - l - 212, -3*h = 2*l + 316. Let k = h + s. Calculate the remainder when k is divided by 4.
3
Let x = 502 - 365. Calculate the remainder when 547 is divided by x.
136
Suppose 2*n - 14*n = -490 + 442. Let k = 0 - -4. Let i(m) = m**2 - 4*m + 1. What is the remainder when n is divided by i(k)?
0
Let q be (-2)/((-50)/1745) - (-16)/(-20). Suppose 72*r - q*r - 174 = 0. What is the remainder when r is divided by 12?
10
Suppose 0 = -46*o + 48*o - 3830. Let j be o/(-15) + 4/6. Let q = j + 185. Calculate the remainder when q is divided by 20.
18
Suppose -7599 = -5*f - 3*s, -f = 28*s - 23*s - 1533. Calculate the remainder when f is divided by 152.
150
Let i(q) = q**2 + 65*q + 281. What is the remainder when 1212 is divided by i(-61)?
28
Suppose -11219 = -40*c - 2716 + 137. What is the remainder when 14037 is divided by c?
213
Let x = 1322 - 351. Suppose 0 = 46*z - x + 143. Suppose -3*h = -c - 24, 0 = -3*h + 2*h - 4*c - 5. What is the remainder when z is divided by h?
4
Suppose -2*j = 3*q - 63, -4*j = 11*q - 10*q - 31. Suppose q = -5*x - 1, -4*f + 20 = x. Calculate the remainder when f is divided by 3*-1*5/(-3).
1
Let l be -1 - 3*(5 - 6). Suppose 0 = 5*h - 5*c - 150, 5*c - 98 = -l*h - 24. What is the remainder when (188 - -1) + 2/1 is divided by h?
31
Let a(i) = -43*i**3 - 33*i**2 - 72*i - 4. What is the remainder when a(-3) is divided by 28?
12
Suppose -60*g - 25*g + 2517 = -203. Calculate the remainder when 17405 is divided by g.
29
Suppose -17*u - 2*t + 637 = 0, -4*u + t + 102 = -42. Let f = -5 - -14. Suppose 4*l = f*l - 720. Calculate the remainder when l is divided by u.
33
Let h = -512 + 800. Let n = 270 + h. Calculate the remainder when n is divide